Give q(-5).
26
Let k(t) = 0*t + 76 - 76 - t. Let o(s) = s**3 + 0*s + 3*s - 2 - 2*s. Let a be o(0). What is k(a)?
2
Let c(f) be the first derivative of -f**4/4 + 4*f**3/3 + 7*f**2/2 - 6*f + 56. Suppose -4*z = -3*z - 5. What is c(z)?
4
Let s(n) = -n**3 + 6*n**2 + 3*n - 3. Suppose 7*y = 62 - 20. What is s(y)?
15
Let u(h) = h**2 - 8*h + 19. Let z be u(5). Let f(n) = n**2 - 4*n + 2. Calculate f(z).
2
Suppose -5 = -8*j + 3. Let b(p) = -2*p - 1. Give b(j).
-3
Let t(w) = -w**3 + 5*w**2 - 3*w - 3. Let j be t(3). Let p(u) = 9 - 3 - u**2 + 5*u + 2 - 7. Give p(j).
-5
Let c = 14 + -13. Let d be -1 - ((-12)/(-4) - c). Let q(u) = u**2 + 2*u - 4. What is q(d)?
-1
Let l(o) = -o + 7. Let u be l(5). Let n(t) = t**u + 2*t - 1 - 9*t + t**2. What is n(5)?
14
Let h(s) = -6*s**2 + 1. Suppose 12*i + 2 = 10*i. Give h(i).
-5
Let l(o) = o**2 + 5*o - 1. Let j(q) = -q + 10. Let v = -2 + 10. Let t be j(v). Let u be 12*((-3)/t - -1). Give l(u).
5
Let y(m) = -m**3 - 6*m + 6*m**2 + 22 - 22. Calculate y(5).
-5
Let n(m) = -m**2 + 7*m - 4. Let f(y) = y**2 + 7*y - 11. Let k be f(-9). Calculate n(k).
-4
Let c(k) = k**3 + k - 1. Let o(l) = -l**2 - 3*l - 2. Let u(s) = -c(s) - o(s). What is u(-2)?
11
Let n = 2 - -1. Let j(f) = n - f**3 - 7*f - 1 + 7*f + 4*f**2. Give j(4).
2
Let w(v) be the third derivative of v**5/120 - v**4/12 + v**3 + 2*v**2. Let f(h) be the first derivative of w(h). Determine f(-6).
-8
Let o be 1/1*1 + -10. Let x = -7 - o. Let s(l) = -l - 1. Calculate s(x).
-3
Let b = -13 + 14. Let a(f) = 6*f**2 + 1. Calculate a(b).
7
Let a(y) = y**3 - 7*y**2 + 5*y + 1. Let r(n) = n**2 + 3*n - 4. Let b(f) = -f**2 - 7*f - 10. Let c be b(-4). Let l be r(c). Give a(l).
-5
Let m(s) = -7 - s**3 + 6 + 2*s**2 + s**3 - s**3. Suppose 15 = 3*b + 2*b. What is m(b)?
-10
Suppose 16 = 5*b + 26. Let t(v) = v**3 - v**2 + v + 2. Calculate t(b).
-12
Let i(m) = 5*m + 39. Let r(g) = g + 8. Let p(a) = -2*i(a) + 11*r(a). What is p(0)?
10
Let r(l) = -l**2 - l - 1. Let n(x) = -4*x**2 - 6*x - 4. Let p(u) = -n(u) + 2*r(u). Let f be (4/((-12)/9))/1. Give p(f).
8
Let o(g) = 16*g**2 + 56*g + 41. Let q(f) = -3*f**2 - 11*f - 8. Let i(v) = -2*o(v) - 11*q(v). Determine i(-8).
-2
Let u(d) = 9*d**3 - 2*d**2 + 1. Let j be 1 + (0/2)/(-2). Calculate u(j).
8
Let r(z) = 8*z**3 - 11*z**2 - 3*z - 3. Let u(d) = -7*d**3 + 10*d**2 + 2*d + 3. Let y(h) = -6*r(h) - 7*u(h). What is y(3)?
0
Let l(h) = h**2 - 1 + 2*h - h + 2. Suppose 4*w + 0 = -8. Let b = 0 - w. What is l(b)?
7
Let u be 3*2/24*8. Suppose q - u*q = 5. Let n(t) be the second derivative of -t**4/12 - 2*t**3/3 + t**2/2 - 2*t. Calculate n(q).
-4
Let r(w) = -2*w**2 - 6*w - 1. Let m(k) = -k**2 - 5*k - 2. Let u(o) = -3*m(o) + 2*r(o). What is u(4)?
0
Suppose 3*j = -4*b + 6, 0 = -2*b + j + 3*j + 14. Let u(n) = -1 - 5*n**3 - 9*n**3 + n + 5*n**b. Give u(1).
-9
Suppose -4*z = -5*d + 24, 0*z - 3*z + 5*d - 23 = 0. Let n(q) = 20 - q - 7 - 14 + 7*q**2. What is n(z)?
7
Let v(y) = 3*y + 2*y + y - 5*y - 1. Let o be (3 - -7)*(1 - 0). Suppose -x + o = 4*h, -4*h + 2 = -h - 2*x. Calculate v(h).
1
Let v be ((-6)/12)/((9/(-10))/(-9)). Let a(s) = -s**3 - 5*s**2 - s + 7. What is a(v)?
12
Let h(d) be the first derivative of d**4/2 + 2*d**3/3 - d**2 - 3*d - 4. Give h(-2).
-7
Let q(r) = r - 15*r**2 + 3*r**2 - 2 + 14*r**2. Give q(2).
8
Let s(o) = o**3 - o - 2. Let b(d) = d**3 - 12*d**2 - 2*d + 24. Let n be b(12). Suppose 2*y - 3*y - 2 = 0. Let r = n + y. Determine s(r).
-8
Suppose 0 = 6*l + 5 + 7. Let o(f) be the first derivative of -f**3/3 + f**2 + 3*f - 2. Calculate o(l).
-5
Suppose 10 = -5*f, l + 0*f - 5*f = 12. Let k(z) = -7*z - 5*z**2 - l*z**2 + 3*z**2 + z**3 + 5. Suppose 23 = 3*o - 4*n, -2 + 9 = 3*o + 4*n. What is k(o)?
-5
Let d = -3 + -1. Let o(s) = -s**3 + 2*s**2 + s + 1. Let z be o(2). Let c(l) = 2*l + 1 - z*l - 5 - 4. What is c(d)?
-4
Let n(f) be the second derivative of f**5/20 - f**4/2 + 2*f**3/3 - 3*f**2 + f. Suppose -43 - 2 = -9*p. What is n(p)?
-11
Suppose 21 = -5*d + 1. Let n(l) = l**2 + 4*l - 5. Give n(d).
-5
Let q(k) = -k - k + 7*k + 5 - 6. Give q(-2).
-11
Let i = -114 + 118. Let s be ((-2)/2 - -3)*4. Suppose 0 = -u + s - i. Let b(r) = -r**2 + 5*r - 3. Calculate b(u).
1
Let v = -18 + 13. Let u(g) = g**3 + 5*g**2 + 2*g + 3. Give u(v).
-7
Let q(b) = 2*b + 1. Let i(s) = -4*s - 2. Let v(a) = -6*i(a) - 10*q(a). Suppose 0 = 4*c - 4 + 12. Give v(c).
-6
Suppose 3*y - 4*f - 17 = -0*f, -5*f - 25 = -5*y. Let v(x) = -x**2 + 3*x + 3. Give v(y).
3
Let q(b) = b. Let y(i) = -4*i + 4. Let d(h) = 3*q(h) + y(h). Calculate d(3).
1
Suppose 2*r - 52 = -2*j, 4*j + 36 = 2*r + 2*j. Let y = r + -16. Let m(t) = y*t**2 + 0*t**3 + 3*t**3 - 2*t**3 + 3*t. Give m(-2).
10
Let j(w) = w**3 - 5*w**2 - 11. Let f(o) = 3 + 2 - 6. Let p(a) = 5*f(a) - j(a). Give p(5).
6
Let t be 4 + (-3 - -4)*-2. Let b(l) = l - l**3 - 1 + 2*l**3 - 2*l + 6*l**t. What is b(-6)?
5
Let s(n) = n**2 + 10*n + 10. Suppose -4*w + 40 = -9*w. Let i be s(w). Let g(m) = m**2 + 4*m - 5. Determine g(i).
7
Let j(q) = -q + 6. Let b(z) = -6*z + 31. Let f(r) = 2*b(r) - 11*j(r). Determine f(0).
-4
Let c = 322 + -321. Let f(x) = -10*x**3 - 3 + 2 - x**3. Give f(c).
-12
Suppose -3 = -w - 0. Let i(d) = d**3 + 3*d**3 - 4*d**2 + 0*d**3 - 4*d - w*d**3. Determine i(5).
5
Let q(j) = -j + 2. Let m be q(-2). Suppose 0 = -4*v - 5*x + 3, -2*v - m*x = 0. Let n = 0 - v. Let p(f) = -f**3 - 3*f**2 - f + 1. What is p(n)?
-1
Let g(h) = h**2 + 1. Let a(w) = 2*w**2 + 6*w - 1. Let p(s) = a(s) - 3*g(s). Suppose 4*b + 14 = 2*d, 0*d - 4*b = 3*d - 11. Give p(d).
1
Let i be (1/(-3))/((-1)/9). Suppose -i*f = r - 0*f + 14, -2*f = -r + 11. Let x(a) = -5 - r + 6 - a. What is x(4)?
-4
Let h(i) = i**2 - 6*i - 9. Let o(p) = p**3 + 5*p**2 - 6*p + 7. Let t be o(-6). Calculate h(t).
-2
Let p(i) = i**2 + 4*i - 2*i - i - 2 + 3*i. Calculate p(-5).
3
Let u(a) = -2*a + 10. Suppose 5*d - 4 = 36. Give u(d).
-6
Let s(o) = o**2 + 5*o - 3. Let i be (-106)/18 - (-25)/(-225). Give s(i).
3
Let n(d) = -d + 3. Let t be n(-3). Suppose -t*g = -2*g + 16. Let h(u) = -3*u - u**2 + 0 + 3 - u. Give h(g).
3
Let o(m) = -m**2 - 8*m + 3. Let y be o(-8). Let c(k) = k**3 - 4*k**2 + 2*k + 2. Determine c(y).
-1
Suppose -v + 1 = -2. Let q(j) be the second derivative of 0 + 7/2*j**2 - j + 1/6*j**v. Give q(-4).
3
Let f(z) = -7*z**3 - 4*z**2 + z - 4. Let u(l) = 4*l**3 + 2*l**2 - l + 2. Let i(q) = 3*f(q) + 5*u(q). What is i(-3)?
13
Let k(u) = -4*u + 5*u - 2 + 3 - 2*u. Determine k(0).
1
Let b(a) = -a. Let m(k) = -6*k. Let p(v) = 15*b(v) - 3*m(v). Determine p(1).
3
Let y(k) = -k**3 - 2*k**2 + 4*k + 2. Suppose 4*l = 2 - 6. Let b be (l/1)/((-2)/(-6)). Determine y(b).
-1
Let h(o) be the first derivative of -o**2/2 + o - 1. Let u = -17 + 19. Let a = u - -1. Determine h(a).
-2
Let x(o) = -o**2 - 5*o + 5. Suppose -38 = 4*m + a - 6*a, 4*a = -m + 1. What is x(m)?
-9
Let x = 13 + -10. Let p(q) = -2*q + 3. Let i be p(x). Let r(f) = -2*f**2 - 5*f**3 + f + 0*f**2 - 1 + 4*f**3. Calculate r(i).
5
Let f(r) be the third derivative of -r**5/60 + 5*r**4/24 + 10*r**2. Determine f(4).
4
Suppose 0 = -2*t - 5*b - 25, 3*b + 10 = b. Let o(m) be the second derivative of 1/12*m**4 + t + 2/3*m**3 - 3*m - m**2. What is o(-4)?
-2
Let g(h) = 3*h - 2. Let m(t) = 12*t + 2. Let u(s) = 4*s + 1. Let j(v) = 4*m(v) - 11*u(v). Let c = -6 - -11. Let x(r) = c*g(r) - 4*j(r). Determine x(5).
-3
Let m(r) be the first derivative of r**3/6 - 2*r**2 - 5*r - 5. Let t(g) be the first derivative of m(g). Give t(-4).
-8
Let m(h) = 2*h - 7. Let k be m(5). Let s(w) = k*w**2 - 12 + 8*w + 8 - 4*w**2. Calculate s(6).
8
Let b(w) = -9*w**2 + 0*w + 9*w - 2*w**2 + 4*w**2. Let a be b(6). Let u be (-2)/(-5) + a/45. Let t(j) = j**3 + 5*j**2 + 3*j + 4. Give t(u).
8
Let b(a) = -a + 0*a - 1 - 2. Let j be (6/2 - 2)*1. Suppose 0 = 2*v + 5*u - 0*u - 26, -v = -u + j. Determine b(v).
-6
Let q(r) = 3*r**3 + 2*r**2 + r**2 - 2*r**3. Let l be (3/2)/(2/(-4)). What is q(l)?
0
Let i be 2 + -1 - (4 - 1). Let c be ((-2)/(-3))/(i/(-12)). Let j(v) = -3*v + 3*v**2 + v + 4*v - v**3 - c. Determine j(3).
2
Let y(x) = 4*x**2 + x + 1. Let b(h) = -h + 2. Let g be b(3). Give y(g).
4
Let w be (-2)/6 - (-13)/3. Suppose 4 = 2*o - 8. Let l(i) = 5*i**2 + 6 - i**2 - o*i - 3*i**2. What is l(w)?
-2
Let j(i) = -2 + 4*i**3 - i**3 - 2*i**3. Let o be -4 - -2*(-9)/(-3). Calculate j(o).
6
Let g be (3 - -1 - 1) + 2. Let r = 